vided by 11.
3
What is the remainder when 87393 is divided by 1650?
1593
What is the remainder when 47284 is divided by 35?
34
Calculate the remainder when 866033 is divided by 173205.
8
Calculate the remainder when 96018 is divided by 10666.
24
What is the remainder when 7523 is divided by 935?
43
What is the remainder when 342746 is divided by 11?
8
What is the remainder when 1482 is divided by 321?
198
Calculate the remainder when 7013 is divided by 530.
123
Calculate the remainder when 112027 is divided by 806.
799
What is the remainder when 191038 is divided by 15?
13
What is the remainder when 1433 is divided by 356?
9
What is the remainder when 155542 is divided by 1?
0
What is the remainder when 5882 is divided by 529?
63
What is the remainder when 169355 is divided by 1160?
1155
What is the remainder when 3922 is divided by 215?
52
What is the remainder when 2843 is divided by 467?
41
What is the remainder when 3922 is divided by 1947?
28
Calculate the remainder when 133392 is divided by 13.
12
What is the remainder when 28336 is divided by 18?
4
Calculate the remainder when 3864 is divided by 277.
263
What is the remainder when 1676 is divided by 236?
24
Calculate the remainder when 62887 is divided by 62883.
4
Calculate the remainder when 24399 is divided by 431.
263
What is the remainder when 747 is divided by 16?
11
Calculate the remainder when 13539 is divided by 6667.
205
Calculate the remainder when 103661 is divided by 4507.
0
What is the remainder when 161827 is divided by 88?
83
Calculate the remainder when 56087 is divided by 812.
59
What is the remainder when 43069 is divided by 10767?
1
Calculate the remainder when 2359 is divided by 1584.
775
What is the remainder when 2316 is divided by 23?
16
What is the remainder when 837 is divided by 370?
97
Calculate the remainder when 2146 is divided by 925.
296
What is the remainder when 126061 is divided by 11?
1
Calculate the remainder when 296773 is divided by 51.
4
Calculate the remainder when 101186 is divided by 82.
80
What is the remainder when 943 is divided by 67?
5
What is the remainder when 2170 is divided by 486?
226
Calculate the remainder when 540510 is divided by 124.
118
What is the remainder when 29438 is divided by 2435?
218
Calculate the remainder when 490159 is divided by 11.
10
Calculate the remainder when 5804 is divided by 1841.
281
Calculate the remainder when 23438 is divided by 15.
8
Calculate the remainder when 897452 is divided by 360.
332
What is the remainder when 28446 is divided by 517?
11
Calculate the remainder when 772 is divided by 55.
2
What is the remainder when 341481 is divided by 398?
395
Calculate the remainder when 284051 is divided by 71009.
15
Calculate the remainder when 18485 is divided by 37.
22
What is the remainder when 15923 is divided by 371?
341
What is the remainder when 529334 is divided by 532?
526
What is the remainder when 22790 is divided by 412?
130
What is the remainder when 799134 is divided by 95?
89
What is the remainder when 660 is divided by 278?
104
What is the remainder when 11235 is divided by 341?
323
What is the remainder when 516958 is divided by 43079?
10
Calculate the remainder when 10186 is divided by 528.
154
Calculate the remainder when 14722 is divided by 243.
142
What is the remainder when 5438 is divided by 59?
10
Calculate the remainder when 149556 is divided by 79.
9
What is the remainder when 4275 is divided by 633?
477
Calculate the remainder when 657 is divided by 222.
213
What is the remainder when 33129 is divided by 5519?
15
Calculate the remainder when 10767 is divided by 66.
9
Calculate the remainder when 15399 is divided by 908.
871
Calculate the remainder when 21483 is divided by 565.
13
Calculate the remainder when 6383 is divided by 142.
135
What is the remainder when 4131 is divided by 320?
291
What is the remainder when 138008 is divided by 103?
91
Calculate the remainder when 50303 is divided by 32.
31
Calculate the remainder when 489 is divided by 61.
1
What is the remainder when 3127 is divided by 1860?
1267
What is the remainder when 11020 is divided by 1203?
193
What is the remainder when 5682 is divided by 641?
554
Calculate the remainder when 6687 is divided by 2.
1
What is the remainder when 132082 is divided by 111?
103
Calculate the remainder when 150046 is divided by 90.
16
What is the remainder when 6246 is divided by 2633?
980
Calculate the remainder when 67311 is divided by 3565.
3141
What is the remainder when 1024 is divided by 129?
121
What is the remainder when 1821 is divided by 664?
493
Calculate the remainder when 1865 is divided by 267.
263
Calculate the remainder when 48534 is divided by 119.
101
What is the remainder when 25011 is divided by 676?
675
What is the remainder when 37636 is divided by 11?
5
What is the remainder when 2075 is divided by 105?
80
Calculate the remainder when 112052 is divided by 112047.
5
Calculate the remainder when 435 is divided by 66.
39
What is the remainder when 11501 is divided by 2859?
65
Calculate the remainder when 858 is divided by 125.
108
Calculate the remainder when 4635359 is divided by 666.
665
Calculate the remainder when 42145 is divided by 1139.
2
Calculate the remainder when 710541 is divided by 24.
21
What is the remainder when 22414 is divided by 1497?
1456
What is the remainder when 25362 is divided by 204?
66
Calculate the remainder when 80540 is divided by 98.
82
What is the remainder when 999 is divided by 127?
110
What is the remainder when 6041 is divided by 940?
401
Calculate the remainder when 13839 is divided by 113.
53
What is the remainder when 643 is divided by 206?
25
What is the remainder when 3133 is divided by 151?
113
Calculate the remainder when 1296 is divided by 428.
12
What is the remainder when 1586005 is divided by 29?
24
What is the remainder when 3276 is divided by 428?
280
Calculate the remainder when 1473659 is divided by 108.
107
Calculate the remainder when 255151 is divided by 85050.
1
What is the remainder when 137570 is divided by 41?
15
What is the remainder when 50446 is divided by 64?
14
Calculate the remainder when 59422 is divided by 632.
14
What is the remainder when 51092 is divided by 132?
8
Calculate the remainder when 3763332 is divided by 218.
216
Calculate the remainder when 5679 is divided by 1884.
27
What is the remainder when 7287 is divided by 3607?
73
What is the remainder when 3595 is divided by 242?
207
Calculate the remainder when 375423 is divided by 838.
837
Calculate the remainder when 92218 is divided by 15.
13
What is the remainder when 4929402 is divided by 2334?
2328
What is the remainder when 7088442 is divided by 945?
942
What is the remainder when 251617 is divided by 1446?
13
Calculate the remainder when 379979 is divided by 136.
131
Calculate the remainder when 464574 is divided by 870.
864
Calculate the remainder when 15519 is divided by 57.
15
Calculate the remainder when 425141 is divided by 3830.
11
What is the remainder when 477539 is divided by 21?
20
Calculate the remainder when 3159 is divided by 589.
214
Calculate the remainder when 51733 is divided by 389.
385
Calculate the remainder when 64424 is divided by 264.
8
Calculate the remainder when 1536 is divided by 765.
6
Calculate the remainder when 126883 is divided by 3728.
131
Calculate the remainder when 3774 is divided by 57.
12
Calculate the remainder when 24173 is divided by 885.
278
Calculate the remainder when 208876 is divided by 29836.
24
Calculate the remainder when 28586 is divided by 455.
376
What is the remainder when 2213 is divided by 1038?
137
What is the remainder when 150320 is divided by 1222?
14
Calculate the remainder when 74339 is divided by 114.
11
Calculate the remainder when 1052908 is divided by 5.
3
Calculate the remainder when 55894 is divided by 9298.
106
Calculate the remainder when 2383 is divided by 26.
17
Calculate the remainder when 28590 is divided by 28567.
23
What is the remainder when 23881 is divided by 3769?
1267
What is the remainder when 57957 is divided by 417?
411
What is the remainder when 2196 is divided by 1089?
18
What is the remainder when 127 is divided by 11?
6
Calculate the remainder when 522718 is divided by 23.
20
What is the remainde